. What is the hundreds digit of f?
8
Suppose 87*m - 41*m = 47*m - 5275. What is the units digit of m?
5
Suppose 3*v - 28744 = -2*q, -2*q + 48*v - 50*v = -28744. What is the thousands digit of q?
4
Let p(c) = 34*c + 99. Suppose -6*i + 2*j + 13 = -3*i, -j = -3*i + 17. What is the tens digit of p(i)?
3
Suppose 4*y = 0, 0 = 8*g - 4*g - 4*y + 460. Let o = g - -1656. What is the tens digit of o?
4
Suppose 4*f = -7*f + 55. Let t(c) = 26*c**2 - 8*c. What is the tens digit of t(f)?
1
Let p be (120/(-25) - -8)*2605. Suppose 21*l = 5*l + p. What is the hundreds digit of l?
5
Let m(t) = 57*t + 193. Let o be m(15). Let b = o - 494. What is the tens digit of b?
5
Suppose 0 = 2*i - 3*y + 11, -4*y = 19*i - 22*i - 15. Let m = -114 - -175. What is the tens digit of m - (-1 + i)*-1?
5
Suppose -337*l + 5*y = -332*l - 199865, 199835 = 5*l + 5*y. What is the thousands digit of l?
9
Let o(m) be the second derivative of m**4/12 - 8*m**3/3 - 45*m**2/2 - 3*m - 7. What is the tens digit of o(25)?
8
Suppose 16 = w + 5*g - 12, 5*w = -5*g + 60. Let k be 22/w - (-3 + (-15)/(-4)). Suppose 0 = k*a - 8, 4*t + 3*a - 517 = -5. What is the hundreds digit of t?
1
Let k(j) = 102*j - 3121. What is the hundreds digit of k(77)?
7
Suppose -6398 - 6778 = -4*d. What is the tens digit of d?
9
Suppose 0 = r + m - 7, 2*r = -2*r - m + 13. Let z(a) = 11*a**2 - 14*a - 4 + 9*a - 5*a**r - a**3. What is the units digit of z(4)?
8
Suppose -2*w - 55*q + 76830 = -53*q, -3*w + 2*q = -115230. What is the tens digit of w?
1
Let t(k) = k**2 - k - 1. Let x(v) = -14*v**2 - 52*v + 9. Let f(g) = 5*t(g) - x(g). What is the hundreds digit of f(-9)?
1
Suppose 2936 = 3*z - u, -5*u = 7*z - 5*z - 1980. Let f = z - 495. What is the units digit of f?
5
Let j be 406 + (1 - 3/(-1)). Let s = -174 + j. Suppose 2*v - 4*u - s = -0*v, -3*v = 4*u - 384. What is the units digit of v?
4
Let a = 433 + 13117. What is the ten thousands digit of a?
1
Let w(b) = -5*b**3 - b + 7. Let u be w(0). Suppose -u*t - 907 = -3*z - 2*t, -t = -3*z + 911. What is the tens digit of z?
0
Let i = 463 - -3145. What is the units digit of i?
8
Let x = 1786 + -455. Suppose -3*p + x - 308 = 0. What is the hundreds digit of p?
3
Let a(b) = 2*b**2 - 117*b + 5 + 56*b - b**2 + 81*b. What is the tens digit of a(13)?
3
What is the thousands digit of 8 + 13148 + (-180)/12?
3
Let z(f) be the second derivative of f**5/20 + 13*f**4/12 + 11*f**3/3 - 2*f**2 + 2*f + 25. What is the units digit of z(-10)?
6
Suppose 0*f + 462 = -3*f + 2*l, 2*l = -5*f - 786. Suppose 4*u + 2*t + 1352 = 0, 2*t = 4*u + 6*t + 1364. Let s = f - u. What is the tens digit of s?
7
Let s = 8 - 6. Suppose -5*i + 888 = -x + 244, s*i - 3*x - 255 = 0. What is the hundreds digit of i?
1
Let y = -34149 + 54612. What is the ten thousands digit of y?
2
Suppose 3*g - 61 - 137 = 0. Suppose -3*p = -217 - 308. Let v = p + g. What is the units digit of v?
1
Let c(i) = 1352*i**2 - 116*i + 4. What is the units digit of c(-2)?
4
Let s(p) be the third derivative of p**6/30 + p**4/8 - p**3/3 - 6*p**2. Let r be s(1). Suppose -r*t + 29 = -66. What is the tens digit of t?
1
Suppose -110*h + 118*h + 112 = 0. Let g(q) = -2*q + 94. What is the hundreds digit of g(h)?
1
Suppose 108*g = 7*g + 957076 + 312292. What is the units digit of g?
8
Let q be ((-28)/6)/((24/351)/(-4)). Suppose 5*j = -2*j + q. Suppose 3*n + 4*k = 5*n - 26, 3*n = -5*k + j. What is the tens digit of n?
1
Let t be (136/130 + 34/221)*15. Suppose t*g = -16*g + 14042. What is the tens digit of g?
1
Let s(g) = 31*g + 30. Let k be s(8). Let o = 1042 - k. What is the hundreds digit of o?
7
Suppose -28501 = -5*j + 1539. What is the thousands digit of j?
6
Suppose -12*x = 6*x - 102096. What is the tens digit of x?
7
Let y(g) = 248*g**2 + 110*g - 233. What is the units digit of y(18)?
9
Let q = -78 - -73. Let u(h) = -4*h - 15. Let a be u(q). Suppose -a*i = -d - 369, 3*d + 81 = i + d. What is the units digit of i?
3
Let u be -6*3/(-6) + (-1)/(-1). Let b be ((-5)/u)/((2 + 3)/320). What is the units digit of b/32*386/(-5)?
3
Suppose -157*p = -147*p - 161560. What is the thousands digit of p?
6
Let a = 96 + -91. Suppose a*g - 45 - 127 = -z, 0 = -4*g - 3*z + 142. Suppose 32*q + 244 = g*q. What is the tens digit of q?
2
Suppose 4*a + 88 = -1532. What is the units digit of (-6)/(-5)*(-11)/(66/a)?
1
Suppose -6*g + 38 = 110. Let p(v) = -10*v - 5. Let t be p(g). Let b = -111 + t. What is the units digit of b?
4
Let q(k) = -2*k**2 + 13*k - 2. Let p = -76 - -79. Let w be q(p). Suppose 4*x - 5*x = -w. What is the units digit of x?
9
Let g = 45 - 41. Suppose g*x = 5*h + 480, 6*h - 2*h = -2*x - 358. Let o = 79 - h. What is the tens digit of o?
7
What is the thousands digit of ((5/(-8))/((-105)/84))/((-1)/(-3634))?
1
Suppose -3*k + 2*x + 1042 = -2*x, 5 = x. Let i = 1606 - k. What is the thousands digit of i?
1
Let z(s) = -66*s + 65. Let a be (-4 - -8) + 2*-5. What is the hundreds digit of z(a)?
4
Suppose 4*n + f + 0*f - 46 = 0, 31 = 3*n - f. Suppose -n*s = -976 - 641. Let j = 218 - s. What is the units digit of j?
1
Let m(q) = 10*q**2 - 39*q + 139. Let s be m(18). Let k = s - 1536. What is the hundreds digit of k?
1
Let c(h) = -3*h + 13. Let p(v) = -2*v + 7. Let s(k) = 4*c(k) - 7*p(k). Let d be s(2). What is the tens digit of d*23 + 42/14?
6
Let d = 12322 - -10646. What is the hundreds digit of d?
9
Suppose 3*b + 4*t - 79 = -t, 5*b = t + 141. Let y = 20 + b. What is the tens digit of y?
4
Let w be 2/(-3) + (-11616)/(-9). Suppose 30*u - w = 2010. What is the hundreds digit of u?
1
Suppose 723 = 34*r + 10005. What is the hundreds digit of (-2)/(-21) + (-467623)/r?
7
Suppose 7*s - 9*s + 46 = -3*i, 0 = -2*s - 2. What is the tens digit of i/(-4) + (-2058)/(-6)?
4
Suppose 0 = -10*w - 5*a + 117975, -29*a - 23580 = -2*w - 27*a. What is the ten thousands digit of w?
1
Suppose 3*a + 21 = -5*o, -44*a + 39*a - 4 = -2*o. What is the hundreds digit of (-4)/(o + -13) - 15690/(-24)?
6
Suppose -5*k = -528*m + 524*m + 21428, 4*k - 16 = 0. What is the hundreds digit of m?
3
Let r(q) = 2*q**2 + 6*q + 2. Let c = -34 - -42. Suppose 4*f - 24 = -4*z + c*z, -2*z = -5*f + 33. What is the hundreds digit of r(f)?
1
What is the tens digit of 57/27 - 2 - (-8783670)/945?
9
Let w(k) = 760*k**2 + 11*k + 33. Let q be w(-3). Suppose 5*b - q = 3*a, 3*a = -3*b + 2*a + 4118. What is the units digit of b?
1
Let r(i) = 2*i**3 + 4*i**2 + i. Let o be r(-2). What is the units digit of 7 + -10 - (1 + -7 + o)?
5
Let d(o) = -94*o + 48*o + 48*o - 10. Let h be d(3). What is the hundreds digit of (12/h)/(18/(-618))?
1
Let j(t) = 15*t + 83. Let c be j(-5). Suppose 3*v = -3*o + c*o + 3616, 3*v - 3600 = -3*o. What is the units digit of v?
2
Let f(w) = -911*w**3 + 2*w**2 + 4*w + 1. Let a be f(-1). Let x = a + -469. What is the units digit of x?
1
Let x = 14 - 7. Suppose -x*y + 1 = -34. Suppose -y*q + 14*q - 666 = 0. What is the units digit of q?
4
Suppose 2*u = -3*i + 16742, -29*u + 26*u - 16752 = -3*i. What is the units digit of i?
2
Let d be 13923/(-45) + 4/10 + 5. Let l = d + 579. What is the units digit of l?
5
Let c be (-1)/(-1) + -1 - -21. Suppose -28*d + 4071 = 1075. Let f = c + d. What is the units digit of f?
8
Let a(x) = 2*x**2 + 3*x + 3. Let h be a(-2). Let w be (-11 - -1)/h + -7. Let v(u) = -u**3 - 8*u**2 + 7*u + 22. What is the tens digit of v(w)?
4
Let j = 5185 + -3505. Let b = 3295 - j. What is the hundreds digit of b?
6
Let x = 60285 - 27899. What is the units digit of x?
6
Let m = -4533 - -6634. What is the hundreds digit of m?
1
Suppose 3*b + 34 = 5*g, 4*b - 17*g + 15*g = -22. What is the thousands digit of (-8)/(-20) - (5298/(-5) - b)?
1
Suppose 8*o - 9*o = 194. Let z be (18 - 3)*(-2)/(-6)*63. Let q = z + o. What is the tens digit of q?
2
What is the ten thousands digit of 237230/16 - 1458/(-1296)?
1
Let a be (-70)/(-22) + 10/(-55). Suppose 3*x = -0*v + a*v + 657, -3*v - 879 = -4*x. What is the hundreds digit of x?
2
What is the ten thousands digit of 4/7 + (6/(-4) - 9622841/(-826))?
1
Let t(r) = -309*r**3 - 5*r**2 - 19*r - 16. What is the tens digit of t(-4)?
5
What is the thousands digit of (-4 - -3 - -5)/(238/2832081)?
7
Suppose 0 = 4*q - 6*q + 16. Suppose q*j = 5*j + 99. Suppose 4*g = -h + 18, 4*g + 15 = 2*h - j. What is the tens digit of h?
2
Let n(m) = -m**3 - 8*m**2 + 9*m - 3. Let q(h) = 12*h 